n 52955790 is divided by 5391?
5388
Calculate the remainder when 1314779 is divided by 3612.
11
What is the remainder when 3986318 is divided by 332?
326
Calculate the remainder when 531681 is divided by 2209.
1521
Calculate the remainder when 16614277 is divided by 93.
13
Calculate the remainder when 473066591 is divided by 17.
9
What is the remainder when 328518390 is divided by 65703678?
0
Calculate the remainder when 19915287 is divided by 19915275.
12
What is the remainder when 70058820 is divided by 5872?
5860
Calculate the remainder when 11877609 is divided by 11.
7
Calculate the remainder when 341831 is divided by 387.
110
What is the remainder when 2760279 is divided by 67?
13
What is the remainder when 125123 is divided by 6943?
149
What is the remainder when 3165514 is divided by 894?
754
Calculate the remainder when 721183 is divided by 360451.
281
What is the remainder when 5000169 is divided by 263166?
15
What is the remainder when 6239396 is divided by 145102?
10
Calculate the remainder when 6649460 is divided by 57.
11
Calculate the remainder when 84725 is divided by 5.
0
What is the remainder when 379121 is divided by 2767?
42
What is the remainder when 330933 is divided by 286?
31
Calculate the remainder when 43122039 is divided by 14374001.
36
Calculate the remainder when 21466 is divided by 4257.
181
What is the remainder when 751619598 is divided by 250539863?
9
What is the remainder when 1368421 is divided by 80495?
6
Calculate the remainder when 99723038 is divided by 1427.
1424
Calculate the remainder when 2934286 is divided by 1466965.
356
Calculate the remainder when 24422 is divided by 6000.
422
Calculate the remainder when 329978 is divided by 23.
20
What is the remainder when 10240781 is divided by 59?
33
Calculate the remainder when 9442230 is divided by 205265.
40
What is the remainder when 535257 is divided by 3522?
3435
Calculate the remainder when 192420023 is divided by 6.
5
Calculate the remainder when 10271982 is divided by 626.
574
Calculate the remainder when 245408 is divided by 40828.
440
Calculate the remainder when 190836710 is divided by 37.
34
What is the remainder when 51829 is divided by 17197?
238
Calculate the remainder when 10119809 is divided by 1134.
1127
What is the remainder when 1537428 is divided by 4036?
3748
What is the remainder when 35016 is divided by 8557?
788
What is the remainder when 186042241 is divided by 19?
17
What is the remainder when 26253235 is divided by 468?
307
Calculate the remainder when 107352 is divided by 933.
57
What is the remainder when 935628 is divided by 247?
239
What is the remainder when 80683 is divided by 455?
148
Calculate the remainder when 112337 is divided by 22405.
312
Calculate the remainder when 18423010 is divided by 180616.
178
Calculate the remainder when 21693 is divided by 3323.
1755
Calculate the remainder when 321786 is divided by 52834.
4782
What is the remainder when 142611 is divided by 377?
105
Calculate the remainder when 2541558 is divided by 9043.
475
What is the remainder when 2389981 is divided by 62894?
9
What is the remainder when 510563 is divided by 26?
1
What is the remainder when 127089878 is divided by 1880?
1878
What is the remainder when 30392 is divided by 7105?
1972
What is the remainder when 415194 is divided by 138373?
75
Calculate the remainder when 1914079 is divided by 478506.
55
Calculate the remainder when 785549462 is divided by 9389.
9388
Calculate the remainder when 195741830 is divided by 1144.
1142
Calculate the remainder when 12800840 is divided by 95528.
88
Calculate the remainder when 29645 is divided by 14029.
1587
What is the remainder when 5410416 is divided by 135260?
16
What is the remainder when 2310022 is divided by 222?
112
Calculate the remainder when 645354 is divided by 134.
10
Calculate the remainder when 60269 is divided by 6920.
4909
What is the remainder when 30180283 is divided by 1643?
16
Calculate the remainder when 154283 is divided by 62.
27
Calculate the remainder when 45689690 is divided by 340967.
112
What is the remainder when 77840949 is divided by 22?
21
Calculate the remainder when 1641068 is divided by 1431.
1142
What is the remainder when 1373920 is divided by 123?
10
What is the remainder when 4933692 is divided by 2466835?
22
Calculate the remainder when 11824830 is divided by 39.
30
What is the remainder when 2395438 is divided by 175?
38
What is the remainder when 13634444 is divided by 11?
10
What is the remainder when 2027360 is divided by 784?
720
Calculate the remainder when 60955287 is divided by 1518.
1515
Calculate the remainder when 202365 is divided by 1615.
490
Calculate the remainder when 280991 is divided by 280756.
235
What is the remainder when 13733486 is divided by 490479?
74
What is the remainder when 101281 is divided by 2314?
1779
What is the remainder when 141465056 is divided by 131?
121
What is the remainder when 5945451 is divided by 110?
61
What is the remainder when 104549 is divided by 34699?
452
What is the remainder when 9617 is divided by 1907?
82
Calculate the remainder when 333076 is divided by 382.
354
Calculate the remainder when 769726 is divided by 1327.
66
What is the remainder when 7774105 is divided by 1554820?
5
Calculate the remainder when 435826942 is divided by 768.
766
What is the remainder when 1940280 is divided by 1087?
1072
Calculate the remainder when 4504334 is divided by 1834.
30
What is the remainder when 222609 is divided by 1462?
385
What is the remainder when 368294 is divided by 7831?
237
Calculate the remainder when 11287811 is divided by 203.
199
What is the remainder when 1033684 is divided by 258072?
1396
What is the remainder when 28029 is divided by 365?
289
What is the remainder when 9209 is divided by 649?
123
Calculate the remainder when 261306 is divided by 43512.
234
Calculate the remainder when 186321442 is divided by 922.
916
What is the remainder when 42089056 is divided by 1008?
16
What is the remainder when 960229 is divided by 1756?
1453
Calculate the remainder when 396583 is divided by 21.
19
Calculate the remainder when 51345 is divided by 23786.
3773
Calculate the remainder when 412410 is divided by 353.
106
Calculate the remainder when 57373680 is divided by 28686840.
0
Calculate the remainder when 303138 is divided by 151284.
570
What is the remainder when 7529717 is divided by 9?
2
Calculate the remainder when 838553 is divided by 9858.
623
What is the remainder when 1677350 is divided by 4558?
6
What is the remainder when 236598 is divided by 700?
698
What is the remainder when 522228 is divided by 261051?
126
What is the remainder when 71935 is divided by 1796?
95
What is the remainder when 310049348 is divided by 558?
554
Calculate the remainder when 736947 is divided by 22322.
321
Calculate the remainder when 5469640 is divided by 781377.
1
Calculate the remainder when 291330 is divided by 145657.
16
Calculate the remainder when 8505 is divided by 2846.
2813
Calculate the remainder when 8984763 is divided by 21.
18
What is the remainder when 267996860 is divided by 89332285?
5
What is the remainder when 5494 is divided by 4563?
931
Calculate the remainder when 807934 is divided by 806525.
1409
Calculate the remainder when 378443 is divided by 75686.
13
What is the remainder when 2758999 is divided by 689748?
7
What is the remainder when 154087 is divided by 6984?
439
Calculate the remainder when 399745 is divided by 69.
28
What is the remainder when 84595 is divided by 914?
507
Calculate the remainder when 2852827 is divided by 3845.
3682
What is the remainder when 20873551 is divided by 12?
7
What is the remainder when 1293206 is divided by 12804?
2
Calculate the remainder when 3391726 is divided by 428.
254
What is the remainder when 224456944 is divided by 752?
736
Calculate the remainder when 56679203 is divided by 5062.
5051
Calculate the remainder when 9298743 is divided by 76.
67
What is the remainder when 73570846 is divided by 24?
22
Calculate the remainder when 626275 is divided by 191.
177
Calculate the remainder when 6128345 is divided by 175.
20
What is the remainder when 308737 is divided by 36?
1
What is the remainder when 7818798 is divided by 66261?
0
What is the remainde